3 + 2*x**2 - x - 1. Determine m(h).
-7
Suppose -4*t + 2 = 3*j + 25, t = -4*j - 9. Let s = t + 17. Let l(x) = -4*x + 10*x + 4 - 4*x - s. Determine l(6).
4
Suppose 0 = 3*o + 6, -3*x + 5*o = -16. Suppose 3*d - 24 = 4*b, -x*d + d = -4*b - 16. Let s(z) = z**2 - 8*z + 3. Calculate s(d).
-13
Let f(r) = 3*r - 543*r**2 + 541*r**2 + 3*r**3 - 5*r**3 + 3*r**3. Determine f(2).
6
Let h(b) = 4*b**3 + 6*b**2 - 6*b + 1. Let v(y) = -5*y**3 - 7*y**2 + 7*y - 1. Let j(s) = 6*h(s) + 5*v(s). Suppose 0 = -5*n + 14 - 14. Calculate j(n).
1
Suppose -x = 3*a - 24, -3*x = -0*a - 2*a - 17. Let y(v) be the third derivative of -v**4/24 + 2*v**3 + 5*v**2. Calculate y(x).
3
Let q(l) = -l**3 + 18*l**2 - 19*l + 32. Let b be q(17). Let s(j) = 2*j**3 + 4*j**2 + j - 2. Give s(b).
-4
Let b(q) = q**2 - 19*q + 37. Let s be b(17). Let w(r) = -7*r - 2. Give w(s).
-23
Let u(t) be the second derivative of t**7/840 - t**6/90 + t**5/40 + t**4/12 + 3*t**3/2 + 28*t. Let q(f) be the second derivative of u(f). Give q(3).
2
Suppose -3*p + 4 + 2 = 0. Let z(s) be the second derivative of -1/2*s**2 - 3*s + 1/6*s**3 - 1/20*s**5 - 1/6*s**4 + 0. Give z(p).
-15
Suppose 0 = -2*i + 6*i - f - 9, 0 = -i + f. Suppose 0 = 2*b - 5*r - 7, 7*b - i*b - 5*r = -1. Let l(p) = -p**2 - 7*p - 5. Calculate l(b).
7
Let g(a) be the first derivative of -5*a**3 + 24 - 11 + 2*a**3 + 27 - a. Determine g(1).
-10
Let z(a) = -a**2 - a + 2. Let j be (65 - (1 - 0))/(-1). Let v be (-6)/(-4)*j/(-24). Suppose 5*r = -5*o + 14 + 1, 5*r + 3 = v*o. What is z(o)?
-4
Let s(b) = b**2 - 3*b - 4. Let v = -6 - -9. Suppose -5*j + 4*j - 5*l = 32, 28 = -3*j + 2*l. Let n be v/j - (-34)/8. Calculate s(n).
0
Let o(m) be the second derivative of -1/3*m**4 - 1/60*m**5 + 3*m - 1/360*m**6 + 0 + 0*m**2 + 0*m**3. Let w(y) be the third derivative of o(y). Determine w(-6).
10
Let z(t) = 0*t**2 + 69 - 34 - 4*t**2 - 7*t - 34 + 3*t**2. Calculate z(-6).
7
Let k(f) = 4*f**2 - 18*f - 4. Let p = -31 + 29. Let y(s) = -s**2 + 6*s + 1. Let o(m) = p*k(m) - 7*y(m). What is o(-5)?
6
Let u(z) = -z**2 + 3*z + 12. Suppose 4*t + 2*j = 18, -7*t + 24 = -2*t + 2*j. Give u(t).
-6
Let r(f) be the second derivative of 0 + 1/12*f**4 - 2/3*f**3 - f - 4*f**2. Give r(6).
4
Suppose -4 = -0*m + m. Let h(s) be the third derivative of s**6/120 + s**5/20 - s**4/24 + 2*s**3/3 + 4*s**2 + 5. Give h(m).
-8
Let y(a) = 18*a**2 - 5*a - 10. Let c(f) = 18*f**2 - 4*f - 8. Let d(b) = 6*c(b) - 5*y(b). Determine d(-1).
19
Let g(f) = 11*f**2 + 32*f + 4. Let u(d) = -5*d**2 - 15*d - 2. Let h(y) = -4*g(y) - 9*u(y). Calculate h(-5).
-8
Suppose -39 - 55 = -2*j. Let a = j + -54. Let s(z) = -z**3 - 6*z**2 + 3*z - 3. Calculate s(a).
25
Let k(b) = -15 + 0 - 4*b + b + 12 - 2. Determine k(-4).
7
Let r(d) = d**3 - 2*d**2 - 6*d + 6. Let g be r(3). Let h(o) = o + 3. Determine h(g).
0
Suppose -205 = -2*s - 221. Let u(k) = -k**3 - 7*k**2 + 8*k + 1. Give u(s).
1
Suppose -10*v + 8 + 42 = 0. Let f(g) = -2*g - 1. Give f(v).
-11
Suppose 7*g - 3*g - p - 12 = 0, 4*p = 0. Let n(v) = -44*v + 3 + 15*v**g + 46*v - 2. What is n(-1)?
-16
Let z(n) be the first derivative of 1/4*n**4 + 5*n**2 + 3*n**3 + 3*n + 8. What is z(-8)?
-13
Let s(w) = w**3 + 32*w**2 + 2*w + 58. Let y(b) = -39*b + 709. Let x be y(19). What is s(x)?
-6
Let g(i) = 3*i**2 + i - 7. Let s(k) = 7*k**2 + k - 15. Let v(p) = -5*g(p) + 2*s(p). Calculate v(-5).
-5
Let j(h) = 2*h - 22 - 29 + 50 + 0*h. Give j(0).
-1
Let l(i) = -3*i - 1. Let c(p) = 5*p + 22. Let f(s) = c(s) + 2*l(s). Determine f(11).
9
Let t(s) be the first derivative of s**4/4 + 5*s**3/3 + s**2 + 2*s - 251. Suppose 5*o = b - 21, 1 = -2*b + 3*o + 8. Give t(b).
10
Let w(r) = -15*r - 5. Let j(f) = f**2 + 11*f - 313. Let p be j(13). Give w(p).
10
Let y(q) = -q. Suppose -v + 8 = f, -f + 2*f - v = 8. Suppose n = -2*u + 3, u + 2*n - n = 0. Suppose -5*b = -3*k + 2, -u*b = 3*k - 5*b - f. What is y(k)?
-4
Let a(s) = s**3 - 3*s**2 - 7*s + 5. Let u(p) = p**3 - 5*p**2 - 6*p + 1. Let i be u(6). Let x(b) = -b + 5. Let o be x(i). Determine a(o).
-7
Let k = 10 + 27. Let h = k - 39. Let y(x) = x**3 - 2. Determine y(h).
-10
Let z(y) be the first derivative of -y**5/120 - y**4/24 - 34*y**3/3 - 7. Let q(j) be the third derivative of z(j). Determine q(4).
-5
Let u be 1 - 2*(-12)/(-8). Let v(s) = 4*s + 1. Let i(c) = -3*c - 1. Let g(j) = u*v(j) - 3*i(j). What is g(6)?
7
Suppose 3*i - 19 = -4*b, 4*b = 3*b + i + 3. Let j(v) be the second derivative of v**4/12 - 3*v**2/2 - 4*v. Determine j(b).
13
Let p(v) = 8*v**3 - v**2 - 4*v + 4. Let d(g) = 25*g**3 - 3*g**2 - 13*g + 13. Let r(f) = 2*d(f) - 7*p(f). Give r(1).
-5
Suppose -2*k = 3*s + 2*s, 2*s = -2*k - 6. Let b(g) = -34*g**2 + g + 8*g + 33*g**s - 4*g - 6. What is b(5)?
-6
Suppose 4*f + 23 = 3*v, -5*f + 3*v - 22 = 6. Let k = 0 - f. Let h(b) = 2*b - 6 - k*b - 1. Calculate h(-5).
8
Let k(q) = -q**2 - 3*q - 4. Suppose -68 = 2*f - 6*f. Suppose 3*x + 8 - f = 0. Suppose 3*d = 4*d + x. Determine k(d).
-4
Let o(h) be the first derivative of h**4/4 + h**3/3 + h**2/2 - 5*h - 225. Give o(0).
-5
Let o(i) = -24*i + 15. Let p(x) = 29*x - 18. Let z(v) = 8*o(v) + 7*p(v). Calculate z(2).
16
Let x be (-1440)/252 + 4/(-14). Let p(b) = -b**3 - 7*b**2 - 8*b - 6. Give p(x).
6
Suppose 54 = 6*b + 6. Let w(x) = x**2 - 10*x + 9. What is w(b)?
-7
Let f(i) be the third derivative of 0 + 9*i**2 + 7/120*i**5 + 1/8*i**4 + 0*i - 1/720*i**6 + 0*i**3. Let r(q) be the second derivative of f(q). Give r(6).
1
Let i = -36 + 38. Let n(x) = -37*x**i - 33*x**2 + 13*x + 69*x**2 - 5. Determine n(13).
-5
Let y(s) = -s**2 - 6*s - 3. Let a be y(-5). Let v(g) = a*g - 1 - 4 - g**2 - 8*g. Determine v(-6).
-5
Let d(j) = j. Let l(i) = -i - 1. Suppose 0*a = -3*a + 18. Let y be ((-3)/a)/((-1)/2). Let c(w) = y*l(w) - 2*d(w). Determine c(-2).
5
Let y be (-1)/(-7 - (-288)/42). Let q(t) = -t - 3. Give q(y).
-10
Let q(v) = v**3 + 5*v**2 + 4*v + 4. Let i be ((-2)/(-7))/(24/21 + -1). Suppose -9 = 3*t - z + 1, -t = -i*z. Determine q(t).
4
Let z(u) = -2*u + 4. Let t be (-680)/(-34)*6/(-20)*4. Let y(k) = -k**2 - 24*k + 3. Let b be y(t). Give z(b).
-2
Suppose 4*y = 4, 4*w - 3*y + 5 = 5*w. Let k(m) = -w*m + m**2 + 5 - 4 + 2 - 8*m. Let x be k(10). Let l(u) = 3*u - 3. Calculate l(x).
6
Let r(i) = 9*i + 47. Let q be r(-6). Let l(j) = j**2 - 2*j - 9. Give l(q).
54
Let w(b) = -7*b + 2. Let l(a) = 15*a - 5. Let i(n) = 6*l(n) + 13*w(n). Let q be i(-9). Let h(p) = -p**2 + 7*p - 1. Calculate h(q).
9
Let c(j) = j**2 - 7*j - 5. Let y be (2/8 + 365/(-20))*1. Let v = 26 + y. Give c(v).
3
Let v(z) be the third derivative of -z**5/60 + z**4/24 - 15*z**3/2 + 8*z**2 - 42. Calculate v(0).
-45
Let j be (-112)/(-32)*-1*(-4)/7. Suppose 5*r - 37 = -2*c - c, 0 = j*c + 2. Let s(l) = l**3 - 9*l**2 + 9*l - 1. Determine s(r).
7
Let r = -7 + 4. Let y = 4 + r. Let q(z) be the first derivative of z**3/3 + z**2 - z - 39. Give q(y).
2
Suppose -k = 17 - 9. Let u(g) = g - 8. Let w(x) = 3*x - 25. Let f(z) = k*u(z) + 3*w(z). Let r be (-12)/15*30/(-4). Calculate f(r).
-5
Let p(o) = -3*o**2 + 13*o + 1. Let g(r) = 4*r**2 - 15*r. Let m(n) = 4*g(n) + 5*p(n). Determine m(-3).
-1
Let d = -614 - -609. Let b(t) = t**2 - 5*t - 5. Give b(d).
45
Let g(z) be the second derivative of -49*z**4/12 - z**3/6 + 15*z + 12. Give g(1).
-50
Let z(q) = 6*q - 10. Let o be z(4). Let x = -20 + o. Let f(b) = -b**3 - 6*b**2 + 3. What is f(x)?
3
Suppose 2*z = 4*m - 36, -5*m = -3*m - 2*z - 20. Let x(a) = 11 + 6*a - 13*a + m*a. Determine x(-8).
3
Let n(l) = l**2 + 6*l. Let r(x) = -x**3 - 11*x**2 + 2*x + 15. Let z be r(-11). Let o be n(z). Let s(i) = -i + 4*i - i - o - i. Determine s(5).
-2
Let i(f) = -3*f + 98 - 40 - 31 - 40. What is i(-7)?
8
Let a(d) = d + 1. Let x(t) = -2*t**3 - t - 7. Let i(b) = 4*a(b) + x(b). Suppose 2*y + 5*p - 35 + 6 = 0, 4*y + 2*p = 18. Give i(y).
-13
Let b(y) = -3*y - 47. Let w be 49 + -67 + (3 - 1). Give b(w).
1
Suppose 3*r - 178 = 5*o, 5*o = 3*o + r - 71. Let k = -29 - o. Let w(g) = -g**3 + 7*g**2 - 8*g + 7. What is w(k)?
-5
Suppose 3*k + 0*k - 4 = -p, 0 = -5*k. Suppose -p*h = -0*h. Let b(m) be the first derivative of m**3/3 - 2*m + 14. Give b(h).
-2
Let l(g) = 3*g - 1. Let j be l(2). Let f be ((-8)/10)/(-4)*j. Let h = f - 5. Let d(s) = -s**2 - s + 3. Determine d(h).
-9
Let i(b) = 122*b + 21 - 11 - 112*b. What is i(-3)?
-20
Suppose -14*k = -11*k - 6. Suppose -l - l + k = 0. Let s(v)